is z(d)?
2
Let c = -142 + 1705/12. Let m(q) be the second derivative of -4*q - 1/10*q**5 - 1/6*q**3 + c*q**4 - 1/2*q**2 + 0. Determine m(-1).
3
Let p(c) be the second derivative of c**3/6 + c**2 + 2*c. Give p(-6).
-4
Suppose 10*u = 8*u. Let h(z) = -z - 3. Let q be h(u). Let f(t) = -t + 3. Determine f(q).
6
Let x = 2 - 0. Suppose 1 = -x*t + 3*t. Let o(d) = 7*d**2 + t - 5*d**2 - d - 2. What is o(2)?
5
Let a(t) = -t**2 + 6*t - 3. Let w = 7 - 5. Suppose -w*d = 3*d - 115. Suppose -5*f + p + d = 0, f + f + p - 12 = 0. Give a(f).
2
Let j(d) = d - 2. Let c be j(6). Suppose -r = -c*r + 9. Let v(k) = 8*k - 5*k + 0 + 0*k - 4. Determine v(r).
5
Let m = -3 + 8. Let s(t) = 3 - m*t + 4 + t**2 - 5. Let v = -42 - -47. Give s(v).
2
Let d = 1 - 3. Let f(l) = 2*l**2 - l - 11. Let n(g) = -g**2 + 5. Let v(r) = -3*f(r) - 7*n(r). Calculate v(d).
-4
Suppose -3*g + 4*q + 5 = 0, -13*g + 7 = -16*g - 2*q. Let s(j) = 3*j**2 - 2*j**2 + 7*j**2. Calculate s(g).
8
Let a(b) = -b**2 - 1. Suppose -3*l - 1 + 8 = -z, -2 = -4*z - 3*l. What is a(z)?
-2
Let l(w) = 3*w - 2. Let g be l(3). Let k = 9 - g. Let f(r) = 3*r + 9. Let j(d) = -d - 4. Let b(h) = 4*f(h) + 9*j(h). Give b(k).
6
Let s(q) = -4*q**2 - 5*q - 6. Suppose 2*o = 3*o - 8. Let b(w) = -11*w**2 - 14*w - 17. Let m(j) = o*s(j) - 3*b(j). Determine m(-2).
3
Let n(b) = 27*b**2 + 5 + 8*b + 1 - 26*b**2 + 3. Determine n(-7).
2
Let i(t) = -t - 3. Let z be i(-8). Let w(d) = -d**2 + 6*d - 5. What is w(z)?
0
Let t be 2/3 + (-26)/(-6). Suppose 3*y - 3*z + 21 = 0, 4*y + t*z + 28 = 4*z. Let g(a) = -a - 12. Determine g(y).
-5
Let u = -8 - -13. Let v(b) = -b**2 - b**2 + b**2 + u - b. Let i be (0 + 0)/((-1)/(-1)). Give v(i).
5
Let v(f) = -f**3 + 5*f**2 + 5*f. Suppose 2*o - 4*o + 12 = 0. Determine v(o).
-6
Let b(u) be the first derivative of -u**3/3 - u**2/2 + 7*u + 23. Determine b(0).
7
Suppose -21*s + 63 = -14*s. Let p(x) = 2*x - 10. Give p(s).
8
Suppose -r = -2*r + 3. Suppose -5*w = -r*w. Suppose 5*i + w*i = 0. Let m(b) = b**3 + b**2 - 2. Give m(i).
-2
Let g be 8 - (18/8 + 3/(-12)). Let a(m) = 3*m + 4. What is a(g)?
22
Let x = 0 + 4. Suppose -x - 4 = 2*c. Let d = c + 3. Let n(l) = 2*l**3 + 2*l + 1. Determine n(d).
-3
Let k(p) = 7. Let y(j) be the second derivative of -j**3/6 - 13*j**2/2 - 2*j. Let v(c) = 11*k(c) + 6*y(c). Give v(-1).
5
Let l(y) = -y**3. Let u be l(-1). Suppose 4*d - 5 = -1. Let x(p) = d - 5*p - p + p + 2*p. Calculate x(u).
-2
Let a(c) = 2*c + 3. Let w = 10 + -6. Let r = 2 - w. Give a(r).
-1
Let b(y) = -1 - 2*y**2 - y**2 + 2*y**2 - 2*y. Let x(n) = n**2 + n. Let t(h) = -b(h) - 2*x(h). What is t(3)?
-8
Let n(o) be the second derivative of 3*o**5/20 - o**4/4 + o**3/6 + 5*o. Calculate n(2).
14
Let s be (-16)/2 - -4 - 0. Let w(a) = a**2 + 8*a + 6. Determine w(s).
-10
Let t = 65 + -63. Let j(n) = -6*n. Let r(k) = -k. Let i(d) = -2*j(d) + 15*r(d). Determine i(t).
-6
Let y(t) = -t**3 + 5*t**2 - t + 7. Let s be y(5). Let v(x) = s*x**2 - 2*x**2 + 2*x + 0*x**2 + x**2. Suppose -5*f - 2 - 8 = 0. Give v(f).
0
Let m(y) = -2*y**2 + 3*y - 5. Let q(g) = -g**2 + g - 1. Let u(p) = m(p) - 3*q(p). Suppose 3*d + 0*d - 4*f = -4, -2*d - f = -1. What is u(d)?
-2
Let a be (0*2/2)/1. Let v(w) = -5*w - 6. Let f be (-3)/6 - (-6)/(-4). Let g(o) = o + 1. Let q(i) = f*v(i) - 11*g(i). Give q(a).
1
Suppose 3*u = 6 + 6. Let r(h) be the first derivative of -1/2*h**2 - 2 - u*h. Determine r(-4).
0
Let p(s) be the second derivative of 5/12*s**4 - 1/20*s**5 + 1/6*s**3 + 0 + 7*s + 3/2*s**2. Give p(5).
8
Let n(g) = -7*g - 3. Let q(d) = 4*d + 2. Let x(f) = -n(f) - 2*q(f). Let k(u) = -4*u - 1. Let a be k(1). Give x(a).
4
Let y(u) = -u**3 + 5*u**2 - 4*u + 3. Let j be 2/6 - 26/6. Let l(f) = -2*f - 4. Let b be l(j). Calculate y(b).
3
Let t(r) = 78*r + 1 - 70*r + 5*r**2 + 2 + r**3 + 2*r**2. Let n be (-3)/2*(0 + 4). Calculate t(n).
-9
Let i(n) = 2*n**3 - 3*n**2 - 10*n. Let t(r) = 3*r**3 - 7*r**2 - 19*r - 1. Let z(h) = -5*i(h) + 3*t(h). Let w = -8 + 3. Determine z(w).
7
Let p = 7 - 2. Let h(i) = 5*i**3 + 12*i**2 - 9*i - 9. Let z(v) = -3*v**3 + 1 + v**2 + v + 2*v**3 - 2*v**2. Let f(m) = -h(m) - 6*z(m). Give f(p).
-7
Let r be (2 - (-6)/(-2)) + 1. Let a(w) = 4*w**3 - 3*w**3 + w**2 - 2 + r. Determine a(0).
-2
Let n be (0/(0 + -2))/1. Suppose 3*d - 1 = 5. Suppose d = -2*b - n*b. Let s(g) = 5*g**3 + g**2 - 1. Calculate s(b).
-5
Let q(w) be the first derivative of -w + 1. Let l(i) = 4*i + 8. Let u(h) = -l(h) - 10*q(h). What is u(2)?
-6
Let t = 2 + -6. Suppose -u + b + 1 = 0, -4*b = 2*u - 1 - 7. Let g(v) = 10 + 0 - v + 2*v - u. Give g(t).
4
Let q(b) = -25*b**2 + 3 - 7 + b + 24*b**2. Determine q(0).
-4
Let l(n) = n**3 + 5*n**2 + n + 7. Let d be l(-5). Let u(p) = -1 - 3*p + 2 + 3*p**d + 2*p. Let q be 1/(-2 - -1 - -2). Calculate u(q).
3
Let u(g) = -g**3 - g**2. Let a(w) = 5*w**3 - 2*w**2 + 4*w - 3. Let t(n) = -a(n) - 3*u(n). Determine t(3).
-18
Let q(f) = -f**3 + f**2 - 4*f + 3. Suppose 12*a = 25 - 1. Determine q(a).
-9
Let g(b) = b**2 + 9*b + 6. Let i be g(-9). Let s = i + -11. Let p(t) = 2*t + 5. Give p(s).
-5
Let g(v) be the second derivative of v**7/2520 + 11*v**5/120 - 2*v**4/3 + 6*v. Let k(x) be the third derivative of g(x). Calculate k(0).
11
Let v(h) be the second derivative of h**3/3 + 3*h**2 + 9*h. What is v(-4)?
-2
Suppose t = -t + 44. Suppose g + t = -2*l + 4*g, -3*g + 27 = -3*l. Let v(b) = -b**3 - 6*b**2 - 8*b - 6. What is v(l)?
9
Let k(y) be the first derivative of 2 - 1/2*y**2 - 2*y. Let l = 8 - 12. Calculate k(l).
2
Let m be ((-18)/(-15))/(1/5). Let f(t) be the first derivative of -7/2*t**2 - 1 + 1/4*t**4 - 5/3*t**3 + 5*t. Give f(m).
-1
Let f(y) = y**3 + 10*y**2 + 9*y + 2. Let a be f(-9). Let j be a/(-3)*-6 + 0. Let n(z) = z**3 - 3*z**2 - 3*z + 2. Calculate n(j).
6
Let p(r) = 2*r - 1 + 2*r + 2*r - 5*r. Let n be 10/(-5)*(-2)/4. Let i be p(n). Let b(d) = d + 3. Determine b(i).
3
Let p be (-5 - -5) + 2*1. Let n be 22/6 - (-2)/(-3). Let f(v) = 2*v - 5*v**3 + 2*v**3 + 5*v**3 - v**n - 3*v**2. Determine f(p).
0
Suppose 5*w - 3 = 3*c, -4 = -0*c + 4*c. Let o(q) be the second derivative of -1/12*q**4 + 0 - 1/2*q**2 - q + 1/20*q**5 + 1/6*q**3. Determine o(w).
-1
Let x(s) = -s**2 + s + 2. Let i(r) = -19*r**2 - 6*r - 10. Let t(m) = i(m) + 5*x(m). Give t(1).
-25
Let p(o) = -2*o + 6. Let h = -2 - -6. Determine p(h).
-2
Let u(i) = -4*i - 1. Suppose -2*n + n = -2. Suppose n*s - 3 = -g, 2 = -3*s + 2*s - 4*g. Determine u(s).
-9
Let g(u) be the first derivative of -u**4/4 + 2*u**3 - 3*u**2/2 + 6*u + 47. Calculate g(5).
16
Let l(o) = o**2 - 7*o + 1. Let s = -8 - -15. Calculate l(s).
1
Let i(f) be the third derivative of f**4/24 + 7*f**3/3 + 3*f**2. Determine i(-7).
7
Let c(t) = 3*t**3 - t. Let g(o) = -4*o - 7. Let v(z) = 2*z + 3. Let r(x) = 3*g(x) + 5*v(x). Let m be r(-6). Suppose m = 4*p + 2. What is c(p)?
2
Let v(u) = 4*u**3 - 3 - 4*u**3 + 9*u + 4*u**3 - 8*u**2 - 5*u**3. Determine v(-9).
-3
Let n(u) be the second derivative of u**4/6 - 2*u**3/3 - 5*u. Calculate n(3).
6
Suppose -j + 8 = 3*j. Let o(w) = w + 1. Let q be o(1). Let l(k) = -8*k**j + k**2 - 3 + q. Calculate l(-1).
-8
Let t = -4 + 3. Let o be ((-1)/2 - t)*-6. Let j(f) = -2 - 7*f - 2 - f**2 + f. Determine j(o).
5
Let u(s) = s - 1. Let r(c) = -c**2 + 8*c + 3. Let n(x) = -r(x) + 2*u(x). Let o(z) be the first derivative of n(z). What is o(6)?
6
Let v(t) = -t**2 + 2. Suppose -a + 18 = -7*a. Let p(f) = 1. Let n(r) = 2*r - 4. Let m(h) = -n(h) - 8*p(h). Let w be m(a). What is v(w)?
-2
Suppose 0 = -5*t - 4*u + 5, 20 = -u - 3*u. Let s(n) = -n**3 + 6*n**2 - 4*n - 6. Give s(t).
-1
Let z(g) be the third derivative of -5*g**4/24 + g**3/6 + 5*g**2. What is z(1)?
-4
Let s be (-38)/(-5) - 33/55. Let o(c) = -c - s + 6 + 1. Suppose 2*f = 3*u - 11, f + 9 = u + 3*f. What is o(u)?
-5
Let v = 2 - -1. Let n(u) = u**3 + 9*u**2 - 10*u + 3. Let q be n(-10). Let m(l) = -4*l**2 + 6*l**2 + 4 + 3*l - q*l**2. Give m(v).
4
Let b(w) = -w + 7. Suppose -7 = -4*q + f + 7, -18 = -4*q + 3*f. Let t be 1/(-2) - 60/(-8). Suppose q*d + t = -2*p + 17, 0 = 3*p - 2*d - 15. What is b(p)?
2
Suppose t + 2 = 22. Suppose -7*x - t = -3*x. Let a(v) be the third derivative of v**4/24 - v**3/3 + 17*v**2. Determine a(x).
-7
Suppose x - 5*x + 20 = 0. Suppose 6*y - y = -25, -4*y + x = -5*s. Let w(b) = b**2 + 4*b + 1. Calculate w(s).
6
Let u(l) = -l + 1. Let n = 12 + -13. Let x(j) = 2